 of 1342?
2
What is the hundreds digit of 4785?
7
What is the tens digit of 55?
5
What is the thousands digit of 7442?
7
What is the ten thousands digit of 72346?
7
What is the tens digit of 55973?
7
What is the tens digit of 28898?
9
What is the ten thousands digit of 44993?
4
What is the units digit of 396?
6
What is the hundreds digit of 21690?
6
What is the ten thousands digit of 23489?
2
What is the units digit of 2264?
4
What is the units digit of 516?
6
What is the hundreds digit of 8584?
5
What is the ten thousands digit of 20723?
2
What is the tens digit of 1802?
0
What is the hundreds digit of 2965?
9
What is the hundreds digit of 566?
5
What is the tens digit of 54?
5
What is the thousands digit of 7002?
7
What is the tens digit of 403?
0
What is the tens digit of 3096?
9
What is the thousands digit of 9061?
9
What is the hundreds digit of 46577?
5
What is the thousands digit of 7113?
7
What is the thousands digit of 1018?
1
What is the tens digit of 72989?
8
What is the hundreds digit of 256?
2
What is the units digit of 76?
6
What is the tens digit of 3991?
9
What is the units digit of 1100?
0
What is the hundreds digit of 17084?
0
What is the tens digit of 1344?
4
What is the hundreds digit of 1303?
3
What is the ten thousands digit of 143920?
4
What is the units digit of 9878?
8
What is the hundreds digit of 34852?
8
What is the units digit of 297?
7
What is the units digit of 4697?
7
What is the thousands digit of 2330?
2
What is the hundreds digit of 127613?
6
What is the ten thousands digit of 14072?
1
What is the hundreds digit of 30137?
1
What is the units digit of 12028?
8
What is the units digit of 10715?
5
What is the hundreds digit of 129?
1
What is the thousands digit of 11539?
1
What is the units digit of 1796?
6
What is the hundreds digit of 1455?
4
What is the units digit of 23364?
4
What is the hundreds digit of 1925?
9
What is the tens digit of 12244?
4
What is the hundreds digit of 768?
7
What is the tens digit of 68774?
7
What is the tens digit of 310?
1
What is the tens digit of 6509?
0
What is the thousands digit of 18311?
8
What is the units digit of 4534?
4
What is the hundred thousands digit of 107434?
1
What is the thousands digit of 7436?
7
What is the hundreds digit of 4636?
6
What is the thousands digit of 26203?
6
What is the hundreds digit of 81153?
1
What is the ten thousands digit of 36397?
3
What is the thousands digit of 5964?
5
What is the units digit of 287?
7
What is the units digit of 7465?
5
What is the tens digit of 3327?
2
What is the units digit of 143?
3
What is the hundreds digit of 13202?
2
What is the units digit of 54945?
5
What is the hundreds digit of 22849?
8
What is the units digit of 27326?
6
What is the thousands digit of 3610?
3
What is the hundred thousands digit of 126667?
1
What is the tens digit of 2129?
2
What is the hundreds digit of 432?
4
What is the units digit of 2434?
4
What is the hundreds digit of 443?
4
What is the hundreds digit of 888?
8
What is the units digit of 10155?
5
What is the thousands digit of 14554?
4
What is the ten thousands digit of 11632?
1
What is the hundreds digit of 88419?
4
What is the units digit of 9072?
2
What is the units digit of 971?
1
What is the hundreds digit of 73920?
9
What is the hundred thousands digit of 116422?
1
What is the hundreds digit of 71068?
0
What is the units digit of 17659?
9
What is the hundreds digit of 198?
1
What is the hundreds digit of 4674?
6
What is the hundreds digit of 46557?
5
What is the thousands digit of 1480?
1
What is the thousands digit of 79045?
9
What is the units digit of 7079?
9
What is the units digit of 460?
0
What is the thousands digit of 4211?
4
What is the units digit of 1181?
1
What is the units digit of 1615?
5
What is the units digit of 12737?
7
What is the hundreds digit of 922?
9
What is the hundreds digit of 582?
5
What is the units digit of 26?
6
What is the hundreds digit of 9301?
3
What is the hundreds digit of 8808?
8
What is the hundreds digit of 52500?
5
What is the thousands digit of 1378?
1
What is the thousands digit of 8143?
8
What is the units digit of 44522?
2
What is the hundreds digit of 1681?
6
What is the hundreds digit of 13562?
5
What is the units digit of 1884?
4
What is the units digit of 6065?
5
What is the hundreds digit of 2590?
5
What is the hundreds digit of 697?
6
What is the thousands digit of 10173?
0
What is the hundreds digit of 1423?
4
What is the hundreds digit of 366?
3
What is the units digit of 12779?
9
What is the thousands digit of 1714?
1
What is the tens digit of 4394?
9
What is the tens digit of 69777?
7
What is the thousands digit of 103263?
3
What is the hundreds digit of 48606?
6
What is the hundreds digit of 6844?
8
What is the hundreds digit of 46461?
4
What is the hundreds digit of 7023?
0
What is the units digit of 46071?
1
What is the thousands digit of 5672?
5
What is the units digit of 130410?
0
What is the tens digit of 1390?
9
What is the hundreds digit of 49691?
6
What is the units digit of 21109?
9
What is the thousands digit of 1011?
1
What is the hundreds digit of 5689?
6
What is the thousands digit of 16838?
6
What is the tens digit of 5708?
0
What is the thousands digit of 3985?
3
What is the hundreds digit of 7733?
7
What is the tens digit of 532?
3
What is the tens digit of 1084?
8
What is the units digit of 48221?
1
What is the units digit of 5990?
0
What is the tens digit of 1358?
5
What is the units digit of 2054?
4
What is the units digit of 2895?
5
What is the units digit of 750?
0
What is the units digit of 16644?
4
What is the units digit of 2744?
4
What is the hundreds digit of 2861?
8
What is the units digit of 12410?
0
What is the hundreds digit of 320?
3
What is the hundreds digit of 37763?
7
What is the units digit of 4374?
4
What is the units digit of 4630?
0
What is the tens digit of 8202?
0
What is the hundreds digit of 1650?
6
What is the ten thousands digit of 65231?
6
What is the hundreds digit of 2083?
0
What is the tens digit of 739?
3
What is the thousands digit of 1672?
1
What is the thousands digit of 6887?
6
What is the hundreds digit of 4982?
9
What is the hundreds digit of 10426?
4
What is the hundreds digit of 801?
8
What is the hundreds digit of 970?
9
What is the hundreds digit of 5368?
3
What is the tens digit of 354?
5
What is the units digit of 6845?
5
What is the units digit of 107332?
2
What is the hundreds digit of 3054?
0
What is the units digit of 494?
4
What is the tens digit of 893?
9
What is the thousands digit of 3183?
3
What is the units digit of 20190?
0
What is the tens digit of 663?
6
What is the thousands digit of 3767?
3
What is the tens digit of 66277?
7
What is the hundred thousands digit of 118393?
1
What is the hundreds digit of 8254?
2
What is the tens digit of 1629?
2
What is the hundreds digit of 210?
2
What is the hundreds digit of 6264?
2
What is the units digit of 6389?
9
What is the units digit of 2675?
5
What is the thousands digit of 8345?
8
What is the hundreds digit of 112397?
3
What is the units digit of 23260?
0
What is the units digit of 663?
3
What is the units digit of 847?
7
What is the thousands digit of 80455?
0
What is the units digit of 774?
4
What is the thousands digit of 11744?
1
What is the units digit of 3417?
7
What is the thousands digit of 18462?
8
What is the thousands digit of 1113?
1
What is the units digit of 26124?
4
What is the hundreds digit of 57836?
8
What is the thousands digit of 103246?
3
What is the tens digit of 860?
6
What is the hundreds digit of 418?
4
What is the units digit of 4883?
3
What is the ten thousands digit of 23329?
2
What is the tens digit of 2344?
4
What is the thousands digit of 78092?
8
What is the tens digit of 95?
9
What is the hundreds digit of 71341?
3
What is the units digit of 1867?
7
What is the thousands digit of 3063?
3
What is the thousands digit of 5051?
5
What is the units digit of 14569?
9
What is the tens digit of 427?
2
What is the ten thousands digit of 89776?
8
What is the thousands digit of 42483?
2
What is the hundreds digit of 1746?
7
What is the tens digit of 15983?
8
What is the units digit of 102661?
1
What is the thousands digit of 143738?
3
What is the thousands digit of 18847?
8
What 